is 26534200 (base 7) in base 16?
255178
Convert 2303210 (base 4) to base 6.
125112
What is -33142121 (base 5) in base 10?
-287161
What is -a54b3 (base 14) in base 6?
-12314221
-4127d6 (base 15) to base 6
-150212203
-470402 (base 9) to base 8
-1047521
145356202 (base 7) to base 4
211003002322
What is -110100010111111100000 (base 2) in base 4?
-12202333200
What is -10100000011100100011010 (base 2) in base 5?
-2321214443
What is -3134034 (base 5) in base 4?
-30302222
Convert 51066565 (base 8) to base 11.
60a0126
-b4716 (base 15) to base 9
-1061533
-456137 (base 9) to base 6
-5510054
1de55 (base 16) to base 5
12404303
1000011010000001 (base 2) to base 14
c797
What is 1bca1a5 (base 13) in base 14?
13366a2
What is 11110100100011011101 (base 2) in base 4?
3310203131
-10100100011100010 (base 2) to base 11
-58290
What is -3b120 (base 13) in base 9?
-176852
What is -1682242 (base 9) in base 3?
-1202202021102
-496d4 (base 16) to base 7
-2361561
-4a246a4 (base 12) to base 6
-1234220324
212233223031 (base 4) to base 9
21100386
What is 112022101121 (base 3) in base 6?
10012024
Convert -543420 (base 7) to base 16.
-1729e
Convert -20010223030 (base 4) to base 15.
-2bc0ba
372214 (base 8) to base 2
11111010010001100
Convert -24370 (base 16) to base 5.
-14221321
Convert -484605 (base 9) to base 12.
-12104b
-10000101001101110 (base 2) to base 13
-25078
Convert -77720 (base 15) to base 7.
-3140502
What is -1540523 (base 6) in base 13?
-324c6
What is 1000212210000 (base 3) in base 15?
ac900
What is 505210 (base 8) in base 2?
101000101010001000
Convert 16a431 (base 12) to base 11.
247963
Convert -210422410 (base 7) to base 12.
-41b3014
What is 204a (base 15) in base 5?
204240
-165461 (base 12) to base 5
-44220122
2ba4d7 (base 15) to base 9
3866024
-1100001100011111111001 (base 2) to base 11
-1893992
What is 1504350 (base 10) in base 13?
408963
1141051 (base 6) to base 3
10001010011
3001230332 (base 4) to base 7
6513065
What is 10012112120012 (base 3) in base 10?
1703354
What is -87914 (base 10) in base 4?
-111131222
Convert -2036b (base 14) to base 5.
-4440030
What is 252a76 (base 13) in base 8?
3315264
What is -302b2 (base 13) in base 14?
-2358a
Convert -3921275 (base 11) to base 15.
-8e3554
What is -110200202212011 (base 3) in base 11?
-3898a67
baa87b (base 14) to base 15
850561
-21bf4d (base 16) to base 6
-115223101
What is -5398074 (base 12) in base 16?
-f24358
-37ad1 (base 16) to base 15
-47884
What is 73666 (base 10) in base 7?
424525
110112210122 (base 3) to base 11
159623
Convert -15414452 (base 6) to base 15.
-abe8b
Convert 51997 (base 12) to base 11.
73289
What is 130202022130 (base 4) in base 5?
3403324324
-117939 (base 11) to base 9
-313302
Convert 4063514 (base 9) to base 3.
11002010120111
Convert 21221011111 (base 3) to base 15.
313d7
-1ed7a (base 16) to base 11
-86a06
Convert 11100101001000 (base 3) to base 11.
1338788
What is 1000110100011010010 (base 2) in base 14?
77454
Convert 102110423 (base 5) to base 2.
1100111111100001010
What is 487aa (base 12) in base 15?
1e021
What is -574146 (base 8) in base 16?
-2f866
Convert 498b36 (base 16) to base 8.
22305466
24130071 (base 8) to base 9
10848677
Convert -376cb (base 15) to base 3.
-22222212002
360500 (base 10) to base 6
11420552
Convert 14210530 (base 6) to base 3.
220120101100
-670171 (base 11) to base 12
-436768
What is 1111001101011000011 (base 2) in base 10?
498371
Convert 3917b (base 12) to base 6.
1401035
-276619 (base 10) to base 8
-1034213
2106098 (base 10) to base 15
2b9068
What is -9709d8 (base 15) in base 13?
-164a122
What is 113132321 (base 4) in base 14?
270a5
4f975 (base 16) to base 10
326005
Convert -800852 (base 14) to base 9.
-8080260
5b91d (base 14) to base 12
a97b3
-2030301001 (base 4) to base 7
-4620661
Convert 1a26ca (base 15) to base 13.
357ac6
What is 113323321 (base 6) in base 15?
2beec4
What is -26097 (base 11) in base 10?
-37374
Convert 30560511 (base 8) to base 10.
6480201
What is -9e354 (base 15) in base 6?
-14443341
Convert -301221130 (base 4) to base 16.
-31a5c
Convert 1101520 (base 8) to base 2.
1001000001101010000
-fac9f (base 16) to base 13
-29c73a
Convert 3ab5 (base 13) to base 10.
8429
-1ddcd1 (base 16) to base 11
-1117418
-236370 (base 10) to base 16
-39b52
Convert -c8d3 (base 14) to base 15.
-a421
Convert 6898340 (base 10) to base 8.
32241244
What is 24b5c2 (base 16) in base 10?
2405826
Convert 449462 (base 13) to base 4.
12023133221
1592aaa (base 12) to base 16
4378a2
Convert 240435 (base 9) to base 13.
50b28
10130022030 (base 4) to base 2
100011100001010001100
-2a79a0 (base 13) to base 16
-ff2ea
-23542561 (base 7) to base 14
-3c74d8
What is 10010101111001100111 (base 2) in base 5?
124121431
What is -10100101001100100 (base 2) in base 16?
-14a64
What is -50da7d (base 14) in base 15?
-38ce5d
What is -de5e (base 15) in base 7?
-254234
Convert -2120122001 (base 3) to base 13.
-1a149
-bba1c (base 15) to base 4
-2101210311
What is 2476516 (base 9) in base 12?
551173
What is -5332540 (base 8) in base 7?
-15043531
Convert 65b110 (base 14) to base 2.
1101001010001001001010
-131c5 (base 15) to base 6
-1151052
Convert 3441460 (base 9) to base 7.
21535350
14332751 (base 9) to base 6
412201414
73ddf (base 16) to base 10
474591
Convert -114551 (base 11) to base 5.
-21303202
362143 (base 9) to base 13
78363
Convert -601935 (base 10) to base 11.
-381274
-1210002011001 (base 3) to base 14
-1a8c47
Convert -9317ca (base 13) to base 2.
-1101000101100111010010
Convert -15230441 (base 6) to base 9.
-1001807
What is 22101023301 (base 4) in base 8?
12211361
What is -10000110101110110000100 (base 2) in base 4?
-100311312010
What is 99b5dd (base 16) in base 3?
200221210100000
Convert -301133112213 (base 4) to base 10.
-12973479
-1110011101100011001 (base 2) to base 16
-73b19
13111323 (base 5) to base 15
28328
Convert -27dbb (base 15) to base 16.
-1f3e8
-32b03 (base 12) to base 11
-46588
Convert -51123 (base 13) to base 14.
-3acb6
What is -203314 (base 7) in base 2?
-1000011111110001
Convert 14521341 (base 7) to base 16.
151c47
Convert -13721453 (base 8) to base 13.
-854020
Convert 1713140 (base 9) to base 12.
39ba69
-76d16 (base 14) to base 10
-287944
What is -25803 (base 13) in base 15?
-158ac
-31010304 (base 5) to base 6
-5212400
Convert 1258488 (base 9) to base 8.
2500704
3647667 (base 11) to base 12
21626b1
b5ab19 (base 14) to base 9
12484376
What is a726 (base 12) in base 4?
10132032
-2315142 (base 6) to base 8
-350446
Convert -798383 (base 11) to base 3.
-2101112102111
What is -36c38 (base 13) in base 7?
-600200
Convert -1412424004 (base 5) to base 12.
-1276072
-23012233301 (base 4) to base 6
-142221505
Convert -130010014 (base 5) to base 13.
-18b9c9
Convert -222112100 (base 4) to base 16.
-2a590
Convert -104011430 (base 5) to base 3.
-212001202110
Convert 3508535 (base 10) to base 13.
95ac74
1c229 (base 13) to base 6
1104002
6de3 (base 15) to base 9
35066
-5435d3 (base 14) to base 13
-78b2a7
Convert -2538d9 (base 15) to base 6.
-102123140
Convert -23422403 (base 5) to base 15.
-4456d
What is 6073547 (base 8) in base 9?
3013440
Convert -4226236 (base 8) to base 12.
-463426
-9266 (base 13) to base 8
-47343
What is -1410782 (base 10) in base 5?
-330121112
What is 116358b (base 12) in base 11?
19993a2
Convert 2000010010020 (base 3) to base 14.
1da268
What is -82651 (base 12) in base 13?
-5c668
What is 418636 (base 9) in base 10?
249108
What is -2362606 (base 10) in base 14?
-457018
What is -826c9 (base 13) in base 16?
-3924d
5247 (base 8) to base 9
3660
What is -103313011 (base 4) in base 12?
-3b0b1
1439ab (base 13) to base 4
1320203132
Convert -11239b (base 12) to base 14.
-719b1
What is -321214503 (base 6) in base 7?
-66064665
What is -3b2795 (base 13) in base 11?
-89a219
-11001010101001111 (base 2) to base 15
-20b24
-41a953 (base 11) to base 4
-2210120112
What is -11103013132 (base 4) in base 13?
-39830b
What is -12173243 (base 9) in base 16?
-5ad6bf
-1103222311 (base 4) to base 10
-342709
Convert 39c624 (base 13) to base 8.
5253100
What is 6444324 (base 8) in base 3?
10020111221021
-3773613 (base 9) to base 7
-23322660
Convert -11323103314 (base 5) to base 2.
-110001111101100101110110
-24805b (base 12) to base 16
-91247
What is -157225 (base 10) in base 14?
-41425
451cb2 (base 